7)?
-10
What is -11 + 2 + -11 + 15?
-5
What is the value of -7 + (3 - 1) + 8 - -4?
7
-2 + 4 + (-1 - 0) + 1
2
Calculate (-5 - 1 - -6) + 6 - 5.
1
-5 + 0 + (1 - (-9 - -5))
0
2 + -8 + (0 - -6)
0
What is the value of 1 + (4 + -7 - -7)?
5
(4 - 6) + -1 + 2 - -3
2
Evaluate (4 - 6) + -2 - -8 - 11.
-7
What is the value of -12 + (3 - (-11 - -8))?
-6
Evaluate (-10 - -2) + 41 + -36.
-3
Evaluate -1 + -9 + (-3 - -8) + 3.
-2
Evaluate -6 + 6 + (-8 - -5).
-3
What is -1 + (-7 - (-14 + 7))?
-1
What is the value of 0 + -2 + 0 + (-2 - -7)?
3
What is the value of 15 - (2 + -3 + 7)?
9
Calculate 2 - (-2 + 0 + (2 - 2)).
4
Calculate 1 + (5 + -5 - 0).
1
Calculate 5 + -6 + 0 - -5.
4
Calculate 21 + -27 + (0 - 5) - -3.
-8
-38 - -41 - (-2 + 2 - -1)
2
Evaluate -1 - ((2 - 1) + (1 - 0)).
-3
What is 0 - (-8 + 1 + 8) - -6?
5
What is the value of 0 + 0 - (-19 - -10 - -6)?
3
What is 7 + -1 + -9 + -3?
-6
What is 2 + (-1 - -8) + -6?
3
What is the value of -2 + 2 + -3 + 1 - 3?
-5
What is -6 + (-1 - -1) - (-1 - 2)?
-3
What is the value of 4 + (0 - -1) + -4 + 3?
4
Evaluate -4 + -1 + 2 - (-5 + 3).
-1
Calculate 0 + -1 + -3 + 7.
3
Calculate -10 - (-6 + -1 + 6 - 7).
-2
1 - ((4 - (2 - -5)) + 0)
4
What is the value of -3 + 2 + -1 + (4 - 7)?
-5
Evaluate 7 + -4 - (1 + 3).
-1
Calculate -6 + -52 + 48 + -1 + 5.
-6
Evaluate (-1 - 2) + (5 - 1) + 3.
4
Calculate 1 + -12 - (-2 - 19).
10
-1 - 0 - (-73 - -74)
-2
Calculate 1 - ((-18 - -10) + 3).
6
Calculate 0 - (0 + -1 + (17 - 15)).
-1
0 + (-6 - (2 + -1) - 3)
-10
3 + (-4 + 1 + 2 - -2)
4
Calculate 1 + (-13 - -7) + 1 + -1.
-5
What is -1 - ((-3 + 3 - 3) + 6)?
-4
(2 - 7) + 0 - -2
-3
What is 6 - (-3 + 8 - 9 - -5)?
5
What is the value of -2 + (-8 - -6 - -1)?
-3
What is (8 + -4 - 3) + -4?
-3
Evaluate 0 - (2 - 8 - 2 - -2).
6
1 - 0 - (-71 - -75)
-3
What is the value of -4 + (2 + -2 - -6) + 7?
9
What is 7 + (2 - 9) - (0 - 0)?
0
Calculate -2 + 6 + -5 + (10 - 3).
6
What is the value of (-1 - -2 - 1 - 6) + 2?
-4
What is 1 - (1 - 0) - 0?
0
What is 11 - 4 - (-1 - -5)?
3
What is the value of -2 - ((-3 - -2) + 1)?
-2
Evaluate 0 - (2 - 7 - -8) - -4.
1
Calculate -2 - ((-2 - 1) + -3).
4
What is the value of -5 + (11 - (10 + -7 + 0))?
3
What is (-1 - -5) + (-7 + 20 - 12)?
5
What is the value of 4 + (-4 - (1 - 1))?
0
-5 - ((5 - (-7 - -2)) + -7)
-8
What is 4 + 20 + -15 + 0 + -8?
1
(-8 - -5 - -3) + 3 + 1
4
What is the value of (8 - 2) + (-1 - 10)?
-5
What is 8 + -6 + (-14 - -7)?
-5
Evaluate 1 + 2 + 2 + (-11 - -7).
1
Calculate 2 + 11 + -10 - (8 + 1).
-6
Calculate 1 + 4 + 11 + -5 - 0.
11
What is -1 + 5 + 1 - (10 - 5)?
0
Evaluate (0 - -5) + (0 - 6).
-1
Calculate -2 - (-16 + (-5 - -14)).
5
Calculate -4 + 5 + -1 + 0.
0
Calculate 0 + 0 + (-28 - -33) + -3.
2
Evaluate 1 - 6 - (-11 - (-5 - -5)).
6
Calculate (-1 - -8) + (-9 - 11 - -17).
4
Calculate 10 + -8 + 7 + -3.
6
Evaluate 5 - 7 - (-1 + -7).
6
Evaluate -7 + 9 + 0 - (0 + 0).
2
What is (3 - (10 + -4)) + -1?
-4
What is 12 - (7 + (6 - -3))?
-4
What is (-4 - -9) + (3 - -1) + -11?
-2
-21 - (19 - 24) - (-7 + 2)
-11
Calculate (3 + -2 - 3) + 3 + -3.
-2
What is 2 + (2 + 2 + -3 - 2)?
1
2 + -2 - -4 - (4 - 2)
2
-9 + 3 + (10 - 2)
2
What is the value of (-15 - -20 - (-1 - -5)) + 1?
2
Calculate (-4 - (3 + -4 + 0)) + 0.
-3
Calculate (9 - 5) + (-9 - 3) + 4.
-4
Evaluate 10 + -3 + -2 + -5.
0
Evaluate -1 + -1 + (-8 - -5 - -8).
3
What is the value of -17 + 14 + (1 - 0)?
-2
Calculate 0 + -2 + (2 + 0 - -2).
2
Calculate 0 + -3 + 4 + (-5 - -3).
-1
Calculate (10 - 4) + -4 + -6 + 0.
-4
Evaluate 1 - 1 - (5 + (-3 - 0)).
-2
-7 + 1 - (-14 + -4) - 4
8
Evaluate 5 - (4 - 4 - -7).
-2
What is the value of -2 - (-6 - (-1 - 3))?
0
What is the value of (-13 - (-10 - -5)) + 3?
-5
Evaluate (0 - (1 + 1)) + -12 + 6.
-8
What is the value of 6 + -1 + -5 + 4?
4
0 - 6 - (18 - 26)
2
Calculate (-8 - -11 - 5) + (-1 - -3).
0
-3 + 3 - -2 - (-6 - -10)
-2
What is -68 + 65 - (0 - 2 - -7)?
-8
Evaluate -7 + (-8 - -9 - (-1 - 0)).
-5
What is the value of 3 - (6 - (0 + -1 - -3))?
-1
What is 3 - (-1 + -2 + (6 - 0))?
0
What is 0 - (-7 + 10 - 10)?
7
Evaluate 5 - (6 - (-3 - -10)).
6
Evaluate (0 - 6) + (-23 - -25).
-4
Calculate 4 + -2 + 4 + -8.
-2
Evaluate -9 + 8 + -1 + 3 - -4.
5
What is 3 + 3 + -4 + 2?
4
What is 1 - ((5 - -3) + -3) - 6?
-10
What is 1 + 4 - (5 + 5 + -7)?
2
Calculate 2 - (-5 + 6 - (2 - 3)).
0
Calculate 2 + -7 + -4 - -4.
-5
Evaluate -3 + (-6 + 11 - 2).
0
Evaluate (6 - 7) + -3 + 1 + -1.
-4
What is the value of 1 - (-1 + -3) - (5 + -5)?
5
What is the value of 13 + -12 + 1 + (-1 - 1)?
0
What is the value of (14 - 9) + (-6 - -2)?
1
(-4 - (0 - 2)) + 0
-2
Evaluate 4 + -12 + 5 - (1 + -1).
-3
Evaluate -7 - (-21 + 8) - 15.
-9
What is the value of 3 + (-17 - (0 - 9))?
-5
Calculate -8 + 4 + 5 + -5.
-4
Evaluate -1 - ((1 - 3) + 3).
-2
Calculate -1 + -2 + -3 + (74 - 68).
0
What is (2 + 2 - (1 + -3)) + -4?
2
Evaluate 2 + 0 + -2 + 21 + -22.
-1
What is the value of -3 + (1 + 4 - (-2 - -2))?
2
What is -3 + (11 - (4 + 2))?
2
-8 + 8 + -3 + 3 + -3
-3
What is the value of (0 - -7) + -1 + 1?
7
What is the value of -1 - 7 - (-18 + 15)?
-5
Calculate (4 - 1) + (-2 - 6).
-5
What is the value of 1 - (0 - (2 - 4)) - -3?
2
Calculate -1 - (-4 + 1) - 5.
-3
What is the value of 7 + 8 + -12 - (-1 + 0)?
4
Evaluate -3 + (8 - 8) + 1.
-2
What is -5 + 10 + (-7 - 1)?
-3
Evaluate (-7 + -4 - -2) + 4.
-5
What is the value of (-7 - -3 - -2) + 3?
1
Calculate -2 - (-15 + 15 + -6).
4
Calculate (6 - 1) + -11 + 11 + -4.
1
(-2 + 3 - -4) + -2 - 4
-1
Calculate (1 - 5) + (7 - (-4 - -6)).
1
Evaluate -3 + 5 + 0 - 0.
2
What is -11 + (2 - (3 - 6)) + 0?
-6
What is -6 + (-1 + -1 - -5) + -2?
-5
What is -4 + 8 + (-8 - -3) - -1?
0
(-4 - 15) + 5 - -11
-3
Calculate 7 - (3 - 3 - (5 - 7)).
5
Evaluate -4 - -1 - (-3 - -3 - 1).
-2
What is the value of -5 + 10 - (-1 + 5)?
1
What is the value of 6 - (5 - 11 - (-9 + -5))?
-2
4 + -20 - -5 - -5
-6
What is the value of 5 + -8 - 3 - -4?
-2
Evaluate (-3 - (-10 + 3)) + 2 + -5.
1
-7 + 4 + 4 + (3 - 4)
0
Calculate 0 - 6 - (7 - 11).
-2
What is 6 - (-2 + -1 - -4)?
5
Evaluate -13 + 2 - -11 - -5.
5
What is 5 - 0 - (13 + 0 - 8)?
0
What is the value of 2 - (-1 + 4) - 3?
-4
3 + 0 - (4 - (0 + 3))
2
-4 - (3 + -1 - 8)
2
What is the value of -1 + 1 - -4 - (15 + -7)?
-4
Evaluate (0 - 2) + 6 - (-3 - -9).
-2
-1 + 2 - (-51 - -46) - -1
7
(-4 - (4 - 10)) + -10
-8
5 + -1 - (4 + -1 + -1)
2
-2 - (6 - -2 - 8)
-2
What is the value of -22 + 14 + 11 - (0 + 7)?
-4
What is the value of -1 + 5 + -4 + 4?
4
(-8 - -5) + 0 + 0
-3
Calculate -1 + 7 + (8 - 13).
1
Calculate (-2 - 2) + (7 - (3 + 3)).
-3
Evaluate -1 + 0 - (-4 - (-8 - -9)).
4
4 + (-3 + (-6 - -14) - 4)
5
What is the value of -10 + 0 + (0 + 4 - -1)?
-5
What is the value of -6 - (0 - (9 - (4 - -1)))?
-2
What is the value of 10 - (-2 - -18 - 4)?
-2
4 + -7 - (0 + -5)
2
What is the value of 0 - (2 + (1 - 1) + -4)?
2
Evaluate -8 + (2 - (6 + -8)).
-4
Calculate -69 + 80 + -2 + 0.
9
What is the value of (7 - (8 - 5)) + 5?
9
Evaluate (29 - 28) + -1 + 3.
3
Evaluate (-10 + 2 - (17 - 17)) + 4.
-4
What is the value of -3 + (-1 - (0 - 0)) + 1?
-3
1 + (2 - 2 - (5 - 1))
-3
What is the value of (-1 - -2) + (7 - 1) + -7?
0
What is the value of -3 - (3 - (1 + -1 + 3))?
-3
What is the value of -8 + 2 - (-16 - -12 - -3)?
-5
Calculate (-1 - 6 - -2) + 0.
-5
Evaluate 11 + -31 + 2 + 10.
-8
What is 7 + -4 + -26 + 17?
-6
What is the value of -3 - (-5 + (-9 - -16))?
-5
What is 1 - (-4 - -3 - -4)?
-2
What is 6 - (-2 - (0 + -4))?
4
What is 2 + -5 + 1 - -5?
3
1 - (-6 - (-5 + -8) - 5)
-1
What is the value of 2 + (1 - (6 + 0))?
-3
What is the value of (10 - 18 - (4 + -15)) + 0?
3
-1 + (7 - 4) - (-32 - -26)
8
What is the value of -4 + 0 + -6 + -22 + 28?
-4
Evaluate (5 - 7) + (0 - 0) + 4.
2
2 - (3 + -7 + 2 + -1)
5
What is the value of -3 - (3 - (10 - 4))?
0
Evaluate (-9 - -9) + 5 + (-8 - 0).
-3
What is 3 + 1 - (-4 - (-4 + -1))?
3
-4 + 16 + (-11 - (-8 - -5))
4
(4 - (11 - 16)) + -1
8
Evaluate 3 + (-8 - -4 - (2 - -2)).
-5
Calculate (-3 - -5) + -4 + -1 + 3.
0
Evaluate 1 + (-6 - (-1 - 2)) - 4.
-6
Evaluate 5 + -2 + 3 - (4 + -1).
3
Calculate 0 - (-6 - (7 - 14)).
-1
Evaluate -12 - (-12 - -12 - 7).
-5
-6 + (6 - (-3 + 4 - -1))
-2
Calculate -6 + 2 - (2 + (5 - 5)).
-6
Evaluate -1 + -2 + 6 + -1.
2
-4 + 1 - (5 - (-2 + 8))
-2
Calculate 2 + (2 - 1) + -2.
1
What is the value of -2 + (3 - (0 - 1)) + 0?
2
What is (-3 - 3 - 4) + 5?
-5
